-340
In base 3, what is -12 - -20000?
12211
In base 11, what is -1 - -a2?
a1
In base 11, what is 188 - -11?
199
In base 6, what is -20 - 1320?
-1340
In base 5, what is -14302 - -10?
-14242
In base 16, what is -83 + 0?
-83
In base 11, what is 34 - -6?
3a
In base 8, what is 147 + 2?
151
In base 13, what is 706 - 1?
705
In base 15, what is -1a3 + -4?
-1a7
In base 6, what is 3331 + 15?
3350
In base 14, what is -8d8a - 1?
-8d8b
In base 6, what is 234 - -1?
235
In base 3, what is -112200 - 2?
-112202
In base 4, what is -111 + 130?
13
In base 10, what is 3 - 32?
-29
In base 3, what is 2 - -2110?
2112
In base 12, what is -67 + 5?
-62
In base 15, what is 143 + -3?
140
In base 15, what is 17c - -5?
182
In base 13, what is 3907 - -2?
3909
In base 9, what is -14 - 1?
-15
In base 3, what is -122 + 120121?
112222
In base 8, what is 2 - 214?
-212
In base 8, what is -1 - 34?
-35
In base 4, what is 21 + -200?
-113
In base 5, what is 23231 + 2?
23233
In base 2, what is 100011 + -110110000?
-110001101
In base 8, what is -2 - -26?
24
In base 12, what is -5 - -3b?
36
In base 5, what is 341 - 3?
333
In base 6, what is -5 - 10?
-15
In base 16, what is 6 + 13?
19
In base 11, what is -5 + 46?
41
In base 3, what is 2012 + 0?
2012
In base 10, what is -13 + 40?
27
In base 5, what is -103 - 4?
-112
In base 9, what is 34 + -50?
-15
In base 4, what is -232 - 12330?
-13222
In base 7, what is -3 + 1242?
1236
In base 4, what is 31 + 0?
31
In base 3, what is 100 - 1122201?
-1122101
In base 11, what is 69 - 4?
65
In base 4, what is 10 + -32?
-22
In base 13, what is -29 + 42a?
401
In base 11, what is -3 - -92a?
927
In base 13, what is -4 + -30?
-34
In base 13, what is 1 - 2cc6?
-2cc5
In base 10, what is 3 + -543?
-540
In base 5, what is -32 - 31?
-113
In base 6, what is 23 - 1114?
-1051
In base 8, what is 4 - 227?
-223
In base 4, what is 12223 - -11?
12300
In base 5, what is 3211 - -4?
3220
In base 10, what is 16 - -28?
44
In base 16, what is 4 + 396?
39a
In base 15, what is -387 + -17?
-39e
In base 5, what is -11 + -44143?
-44204
In base 12, what is 577 - -4?
57b
In base 9, what is 0 + -184?
-184
In base 5, what is 2 - -32220?
32222
In base 16, what is 4 - -4f?
53
In base 15, what is 486 + -9?
47c
In base 7, what is -35 + 46?
11
In base 4, what is 1312 - -302?
2220
In base 10, what is -14 + -7?
-21
In base 3, what is 1 - -10112?
10120
In base 12, what is -3 + 1a?
17
In base 10, what is -132 - 6?
-138
In base 14, what is 6 + 8a?
92
In base 3, what is 2 - -21022?
21101
In base 11, what is -5 - -273?
269
In base 8, what is -2 - -135?
133
In base 6, what is 13 + 122?
135
In base 5, what is 102 - 3?
44
In base 13, what is -6c + c6?
57
In base 10, what is 3 - -3661?
3664
In base 16, what is 19a - 1?
199
In base 16, what is -98 - -c?
-8c
In base 2, what is -10 + 100001?
11111
In base 2, what is 111010 + 1?
111011
In base 2, what is 10 + 100001100?
100001110
In base 5, what is 33 + -1320?
-1232
In base 4, what is -322302 + 3?
-322233
In base 3, what is -12 + -20011100?
-20011112
In base 9, what is -44 + 5?
-38
In base 2, what is 1100001 - 10?
1011111
In base 5, what is -144 + 4?
-140
In base 6, what is -11353 - -1?
-11352
In base 16, what is d - -c0?
cd
In base 11, what is -465 - 3?
-468
In base 8, what is -4 + 1024?
1020
In base 4, what is 10 - 3201?
-3131
In base 16, what is -4 + -2c?
-30
In base 13, what is -3 - -3?
0
In base 8, what is 4 - 3316?
-3312
In base 15, what is -b + 3d?
32
In base 11, what is 4047 + -4?
4043
In base 6, what is 205 - -1?
210
In base 4, what is 221 - -2?
223
In base 8, what is -34 + 6?
-26
In base 5, what is -43 + 30?
-13
In base 12, what is -6 + 57?
51
In base 6, what is 225 - 0?
225
In base 10, what is -1 - 2?
-3
In base 8, what is -166 + 53?
-113
In base 12, what is -1a7 - 2?
-1a9
In base 15, what is 5 + -208?
-203
In base 15, what is 1ce - -8?
1d7
In base 12, what is -14564 - 3?
-14567
In base 4, what is 1130 - 330?
200
In base 16, what is ab - 2?
a9
In base 14, what is 107 + 12?
119
In base 6, what is 1413 - -23?
1440
In base 8, what is 311 - 5?
304
In base 12, what is -11 - -21?
10
In base 16, what is 4 + 237?
23b
In base 8, what is -11 - -1627?
1616
In base 3, what is -1 + 2110212?
2110211
In base 2, what is 101 + -101110111?
-101110010
In base 9, what is -1777 - 0?
-1777
In base 6, what is -14152 + 4?
-14144
In base 12, what is -3 + 67?
64
In base 6, what is 5 + -3?
2
In base 11, what is -5 + 15?
10
In base 8, what is -153 + -4?
-157
In base 16, what is 4d - 4?
49
In base 4, what is -3 - -303?
300
In base 9, what is 216 + -3?
213
In base 7, what is -21 - -31?
10
In base 16, what is -4 - c4b?
-c4f
In base 7, what is -1504 - 2?
-1506
In base 7, what is -14 + -142?
-156
In base 3, what is 1 + -12?
-11
In base 15, what is -3ba - -5?
-3b5
In base 6, what is 1525 + 1?
1530
In base 3, what is 10 + -111110?
-111100
In base 5, what is -24 - 3014?
-3043
In base 9, what is 7250 - -4?
7254
In base 2, what is 10000001111 - 100?
10000001011
In base 5, what is 11 - -1334?
1400
In base 9, what is 163 + -5?
157
In base 12, what is 0 + -8b?
-8b
In base 5, what is 12 + 102?
114
In base 5, what is -1 + 12241?
12240
In base 5, what is 4 - -42?
101
In base 10, what is 6 + 3?
9
In base 4, what is 22 + 10?
32
In base 5, what is 222 - 242?
-20
In base 7, what is 42162 - 1?
42161
In base 14, what is -b + d?
2
In base 5, what is -23424 - -4?
-23420
In base 3, what is 100 - 211?
-111
In base 6, what is -10 - 1232?
-1242
In base 10, what is -26 + 43?
17
In base 11, what is -3 + -258?
-260
In base 3, what is 11 - -12?
100
In base 6, what is -2012 - 33?
-2045
In base 12, what is -3a - 8?
-46
In base 12, what is 1 + -66?
-65
In base 4, what is -3 - 111231?
-111300
In base 8, what is -47 - -15?
-32
In base 14, what is -11 - 5?
-16
In base 13, what is 0 + -28?
-28
In base 6, what is -5 + -423?
-432
In base 7, what is -22246 + -4?
-22253
In base 12, what is -17 + -4?
-1b
In base 14, what is -2c38 + 0?
-2c38
In base 15, what is b10 - 4?
b0b
In base 16, what is 1 + -3c2?
-3c1
In base 5, what is -2124 + 34?
-2040
In base 4, what is 233013 - 10?
233003
In base 13, what is -4a - 1?
-4b
In base 15, what is -a7 - -44?
-63
In base 15, what is 8 - -9d6?
9de
In base 7, what is -4 - 2654?
-2661
In base 3, what is -1 + 2010111?
2010110
In base 12, what is 140a - -1?
140b
In base 9, what is 88 + 0?
88
In base 14, what is -449 + -9?
-454
In base 3, what is -100200 - 12?
-100212
In base 8, what is 4 + -26?
-22
In base 4, what is 3 + -100?
-31
In base 5, what is -403 + -130?
-1033
In base 3, what is 212221 + -1?
212220
In base 8, what is -757 + 2?
-755
In base 4, what is 0 - -10231?
10231
In base 8, what is 32 - -53?
105
In base 16, what is -8af - 5?
-8b4
In base 16, what is 1a0 - 5?
19b
In base 8, what is 111230 + 5?
111235
In base 5, what is -1024 - 24?
-1103
In base 2, what is 10 - -100111001?
100111011
In base 16, what is 7ef4 + -1?
7ef3
In base 2, what is 101 + 111110?
1000011
In base 6, what is -1 - 223?
-224
In base 3, what is 20011 + 12?
20100
In base 11, what is 13a1 + 0?
13a1
In base 13, what is -4 - -275?
271
In base 4, what is 3 + -1000?
-331
In base 11, what is -557 - 2?
-559
In base 11, what is 338 - -2?
33a
In base 4, what is -11 + 1?
-10
In base 9, what is -15 + -301?
-316
In base 13, what is -24c - -2?
-24a
In base 6, what is -4 + 2000?
1552
In base 2, what is -101001 - -1010010?
101001
In base 6, what is 0 + 3352?
3352
In base 8, what is -14 + -7?
-23
In base 6, what is 34 + 15?
53
In base 16, what is 25 + 56?
7b
In base 8, what is 453 - 4?
447
In base 8, what is -50 + -175?
-245
In base 13, what is 1924 - -4?
1928
In base 2, what is 1 - -1011111?
1100000
In base 3, what is -2 - -10210?
10201
In base 14, what is 2b97 + 4?
2b9b
In base 14, what is 7 - 4c?
-45
In base 6, what is 443 - 3?
440
In base 12, what is -2a5 + 6?
-29b
In base 3, what is -2 - 11002?
-11011
In base 9, what is 3220 + -4?
3215
In base 14, what is 0 + -8c?
-8c
In base 8, what is 20 - 2?
16
In base 10, what is -5 + 20?
15
In base 15, what is -5 + 2a?
25
In base 11, what is 698 + -5?
693
In base 13, what is 26 + -13?
13
In base 15, what is 3 + 43?
46
In base 8, what is 0 - 236?
-236
In base 9, what is 2 + -815?
-813
In base 4, what is -13 - 2332?
-3011
In base 10, what is 11 - -1?
12
In base 2, what is -101 - -1